{"id":3,"date":"2022-10-14T15:09:19","date_gmt":"2022-10-14T13:09:19","guid":{"rendered":"http:\/\/aqua-solution.fr\/?page_id=3"},"modified":"2025-05-04T18:32:18","modified_gmt":"2025-05-04T16:32:18","slug":"politique-de-confidentialite","status":"publish","type":"page","link":"https:\/\/aqua-solution.fr\/index.php\/politique-de-confidentialite\/","title":{"rendered":"Mentions L\u00e9gales"},"content":{"rendered":"\n<p><strong><br>D\u00e9nomination sociale<\/strong><\/p>\n\n\n\n<p>Aqua Solution<\/p>\n\n\n\n<p><strong>Adresse<\/strong><\/p>\n\n\n\n<p>Luc\u00e9o, 2 route de Gap, 05310 La Roche de Rame<\/p>\n\n\n\n<p><strong>Statut<\/strong><\/p>\n\n\n\n<p>EURL au capital de 2000 \u20ac, RCS Gap<\/p>\n\n\n\n<p><strong>SIRET<\/strong><\/p>\n\n\n\n<p>948 183 215 000 11<\/p>\n\n\n\n<p><strong>Code APE<\/strong><\/p>\n\n\n\n<p>81 29 B<\/p>\n\n\n\n<p><strong>Activit\u00e9<\/strong><\/p>\n\n\n\n<p>Entretien et d\u00e9pannage de piscines et de SPAS, <\/p>\n\n\n\n<p>Installation, entretien et d\u00e9pannage d&rsquo;arrosage int\u00e9gr\u00e9 et automatique,<\/p>\n\n\n\n<p>Installation, entretien et d\u00e9pannage de r\u00e9cup\u00e9ration des eaux de pluie, <\/p>\n\n\n\n<p>Ma\u00e7onnerie paysag\u00e8re et notamment la cr\u00e9ation et vente de fontaines, <\/p>\n\n\n\n<p>Vente de mat\u00e9riel de piscine, SPAS, arrosage int\u00e9gr\u00e9 et de r\u00e9cup\u00e9ration des eaux de pluie, <\/p>\n\n\n\n<p>Recherche de fuites hydrauliques, travaux de terrassement et vente de mat\u00e9riel associ\u00e9,<\/p>\n\n\n\n<p>Apporteur d&rsquo;affaires<\/p>\n\n\n\n<p><strong>Responsable de publication<\/strong><\/p>\n\n\n\n<p>Mr Rodolphe Beaurain<\/p>\n\n\n\n<p>Ce site internet est h\u00e9berg\u00e9 par la soci\u00e9t\u00e9 OVH bas\u00e9e \u00e0 l&rsquo;adresse suivante :&nbsp;2, rue Kellermann, 59100 Roubaix<br><br><\/p>\n\n\n\n<p><em>Cr\u00e9dits Photos : Envato Elements<\/em>, <em>R\u00e9mi Morel<\/em>.<\/p>\n\n\n\n<div style=\"height:100px\" aria-hidden=\"true\" class=\"wp-block-spacer\"><\/div>\n","protected":false},"excerpt":{"rendered":"<p>D\u00e9nomination sociale Aqua Solution Adresse Luc\u00e9o, 2 route de Gap, 05310 La Roche de Rame Statut EURL au capital de 2000 \u20ac, RCS Gap SIRET 948 183 215 000 11 Code APE 81 29 B Activit\u00e9 Entretien et d\u00e9pannage de piscines et de SPAS, Installation, entretien et d\u00e9pannage d&rsquo;arrosage int\u00e9gr\u00e9 et automatique, Installation, entretien et&hellip;&nbsp;<a href=\"https:\/\/aqua-solution.fr\/index.php\/politique-de-confidentialite\/\" class=\"\" rel=\"bookmark\">Lire la suite &raquo;<span class=\"screen-reader-text\">Mentions L\u00e9gales<\/span><\/a><\/p>\n","protected":false},"author":1,"featured_media":0,"parent":0,"menu_order":0,"comment_status":"closed","ping_status":"open","template":"","meta":{"neve_meta_sidebar":"","neve_meta_container":"","neve_meta_enable_content_width":"","neve_meta_content_width":0,"neve_meta_title_alignment":"","neve_meta_author_avatar":"","neve_post_elements_order":"","neve_meta_disable_header":"","neve_meta_disable_footer":"","neve_meta_disable_title":"","footnotes":""},"class_list":["post-3","page","type-page","status-publish","hentry"],"_links":{"self":[{"href":"https:\/\/aqua-solution.fr\/index.php\/wp-json\/wp\/v2\/pages\/3","targetHints":{"allow":["GET"]}}],"collection":[{"href":"https:\/\/aqua-solution.fr\/index.php\/wp-json\/wp\/v2\/pages"}],"about":[{"href":"https:\/\/aqua-solution.fr\/index.php\/wp-json\/wp\/v2\/types\/page"}],"author":[{"embeddable":true,"href":"https:\/\/aqua-solution.fr\/index.php\/wp-json\/wp\/v2\/users\/1"}],"replies":[{"embeddable":true,"href":"https:\/\/aqua-solution.fr\/index.php\/wp-json\/wp\/v2\/comments?post=3"}],"version-history":[{"count":8,"href":"https:\/\/aqua-solution.fr\/index.php\/wp-json\/wp\/v2\/pages\/3\/revisions"}],"predecessor-version":[{"id":955,"href":"https:\/\/aqua-solution.fr\/index.php\/wp-json\/wp\/v2\/pages\/3\/revisions\/955"}],"wp:attachment":[{"href":"https:\/\/aqua-solution.fr\/index.php\/wp-json\/wp\/v2\/media?parent=3"}],"curies":[{"name":"wp","href":"https:\/\/api.w.org\/{rel}","templated":true}]}}