{"id":611,"date":"2022-12-08T19:54:08","date_gmt":"2022-12-08T18:54:08","guid":{"rendered":"https:\/\/aqua-solution.fr\/?page_id=611"},"modified":"2024-03-18T22:30:57","modified_gmt":"2024-03-18T21:30:57","slug":"arrosage","status":"publish","type":"page","link":"https:\/\/aqua-solution.fr\/index.php\/home\/arrosage\/","title":{"rendered":"Arrosage"},"content":{"rendered":"\n<div style=\"height:80px\" aria-hidden=\"true\" class=\"wp-block-spacer\"><\/div>\n\n\n\n<figure class=\"wp-block-image alignfull size-large\"><img loading=\"lazy\" decoding=\"async\" width=\"1024\" height=\"311\" src=\"https:\/\/aqua-solution.fr\/wp-content\/uploads\/2023\/01\/IMG_2161-2048x1536-1-1024x311.jpg\" alt=\"\" class=\"wp-image-766\" srcset=\"https:\/\/aqua-solution.fr\/wp-content\/uploads\/2023\/01\/IMG_2161-2048x1536-1-1024x311.jpg 1024w, https:\/\/aqua-solution.fr\/wp-content\/uploads\/2023\/01\/IMG_2161-2048x1536-1-300x91.jpg 300w, https:\/\/aqua-solution.fr\/wp-content\/uploads\/2023\/01\/IMG_2161-2048x1536-1-768x233.jpg 768w, https:\/\/aqua-solution.fr\/wp-content\/uploads\/2023\/01\/IMG_2161-2048x1536-1-1536x466.jpg 1536w, https:\/\/aqua-solution.fr\/wp-content\/uploads\/2023\/01\/IMG_2161-2048x1536-1.jpg 1981w\" sizes=\"auto, (max-width: 1024px) 100vw, 1024px\" \/><\/figure>\n\n\n\n<div style=\"height:100px\" aria-hidden=\"true\" class=\"wp-block-spacer\"><\/div>\n\n\n<div class=\"wp-block-image\">\n<figure class=\"aligncenter size-full is-resized\"><img loading=\"lazy\" decoding=\"async\" width=\"931\" height=\"466\" src=\"https:\/\/aqua-solution.fr\/wp-content\/uploads\/2022\/10\/Logo-V1.png\" alt=\"\" class=\"wp-image-355\" style=\"width:136px;height:68px\" srcset=\"https:\/\/aqua-solution.fr\/wp-content\/uploads\/2022\/10\/Logo-V1.png 931w, https:\/\/aqua-solution.fr\/wp-content\/uploads\/2022\/10\/Logo-V1-300x150.png 300w, https:\/\/aqua-solution.fr\/wp-content\/uploads\/2022\/10\/Logo-V1-768x384.png 768w\" sizes=\"auto, (max-width: 931px) 100vw, 931px\" \/><figcaption class=\"wp-element-caption\">Aqua Solution<\/figcaption><\/figure>\n<\/div>\n\n\n<h2 class=\"wp-block-heading has-text-align-center\">Installation, entretien et d\u00e9pannage d&rsquo;arrosage int\u00e9gr\u00e9<\/h2>\n\n\n\n<p><strong>LES ARROSAGES INTEGRES ET \/ OU AUTOMATIQUES<\/strong> sont tr\u00e8s fr\u00e9quents dans les jardins d\u2019agr\u00e9ment, ils favorisent la croissance des plantes et harmonisent votre jardin.<\/p>\n\n\n\n<p>Beaucoup d\u2019arrosages fonctionnent avec l\u2019eau potable et ils sont souvent mal \u00e9tudi\u00e9s, mal r\u00e9gl\u00e9s et g\u00e9n\u00e8rent des factures d\u2019EAU tr\u00e8s importantes.<\/p>\n\n\n\n<p>Est-ce que je peux arroser avec l\u2019eau du canal ?<\/p>\n\n\n\n<p> Est-ce qu\u2019un pluviom\u00e8tre est install\u00e9&nbsp;? <\/p>\n\n\n\n<p>Est-ce que j\u2019arrose apr\u00e8s la pluie ?<\/p>\n\n\n\n<p> Ma consommation d\u2019eau a explos\u00e9, est-ce normal&nbsp;? <\/p>\n\n\n\n<p>Est-ce que je peux dissocier l\u2019arrosage des v\u00e9g\u00e9taux et du gazon&nbsp;?&#8230;<\/p>\n\n\n\n<p>Toutes ces questions m\u00e9ritent des r\u00e9ponses, d&rsquo;autant plus que les arr\u00eat\u00e9s pr\u00e9fectoraux interdisant d\u2019arroser vont certainement se renforcer dans les ann\u00e9es \u00e0 venir et m\u00eame dans les Hautes-Alpes&nbsp;!<\/p>\n\n\n\n<p>J\u2019interviens sur le d\u00e9pannage de vos installations, l\u2019entretien, mais aussi sur l\u2019\u00e9tude et la r\u00e9alisation de vos projets.<\/p>\n\n\n\n<div style=\"height:30px\" aria-hidden=\"true\" class=\"wp-block-spacer\"><\/div>\n\n\n\n<div class=\"wp-block-buttons is-layout-flex wp-block-buttons-is-layout-flex\">\n<div class=\"wp-block-button aligncenter\"><a class=\"wp-block-button__link has-background wp-element-button\" href=\"https:\/\/aqua-solution.fr\/index.php\/me-contacter\/\" style=\"background-color:#4a87c3\">ME CONTACTER<\/a><\/div>\n<\/div>\n\n\n\n<div style=\"height:80px\" aria-hidden=\"true\" class=\"wp-block-spacer\"><\/div>\n\n\n\n<div class=\"wp-block-group\"><div class=\"wp-block-group__inner-container is-layout-constrained wp-block-group-is-layout-constrained\">\n<figure class=\"wp-block-gallery has-nested-images columns-default is-cropped wp-block-gallery-1 is-layout-flex wp-block-gallery-is-layout-flex\">\n<figure class=\"wp-block-image size-large\"><img loading=\"lazy\" decoding=\"async\" width=\"1024\" height=\"768\" data-id=\"694\" src=\"https:\/\/aqua-solution.fr\/wp-content\/uploads\/2022\/12\/IMG_2162-1024x768.jpg\" alt=\"\" class=\"wp-image-694\" srcset=\"https:\/\/aqua-solution.fr\/wp-content\/uploads\/2022\/12\/IMG_2162-1024x768.jpg 1024w, https:\/\/aqua-solution.fr\/wp-content\/uploads\/2022\/12\/IMG_2162-300x225.jpg 300w, https:\/\/aqua-solution.fr\/wp-content\/uploads\/2022\/12\/IMG_2162-768x576.jpg 768w, https:\/\/aqua-solution.fr\/wp-content\/uploads\/2022\/12\/IMG_2162-1536x1152.jpg 1536w, https:\/\/aqua-solution.fr\/wp-content\/uploads\/2022\/12\/IMG_2162-2048x1536.jpg 2048w\" sizes=\"auto, (max-width: 1024px) 100vw, 1024px\" \/><\/figure>\n\n\n\n<figure class=\"wp-block-image size-large\"><img loading=\"lazy\" decoding=\"async\" width=\"1024\" height=\"768\" data-id=\"696\" src=\"https:\/\/aqua-solution.fr\/wp-content\/uploads\/2022\/12\/julie-et-flo-1-1024x768.jpg\" alt=\"\" class=\"wp-image-696\" srcset=\"https:\/\/aqua-solution.fr\/wp-content\/uploads\/2022\/12\/julie-et-flo-1-1024x768.jpg 1024w, https:\/\/aqua-solution.fr\/wp-content\/uploads\/2022\/12\/julie-et-flo-1-300x225.jpg 300w, https:\/\/aqua-solution.fr\/wp-content\/uploads\/2022\/12\/julie-et-flo-1-768x576.jpg 768w, https:\/\/aqua-solution.fr\/wp-content\/uploads\/2022\/12\/julie-et-flo-1-1536x1152.jpg 1536w, https:\/\/aqua-solution.fr\/wp-content\/uploads\/2022\/12\/julie-et-flo-1-2048x1536.jpg 2048w\" sizes=\"auto, (max-width: 1024px) 100vw, 1024px\" \/><\/figure>\n\n\n\n<figure class=\"wp-block-image size-large\"><img loading=\"lazy\" decoding=\"async\" width=\"768\" height=\"1024\" data-id=\"697\" src=\"https:\/\/aqua-solution.fr\/wp-content\/uploads\/2022\/12\/crici-1-768x1024.jpg\" alt=\"\" class=\"wp-image-697\" srcset=\"https:\/\/aqua-solution.fr\/wp-content\/uploads\/2022\/12\/crici-1-768x1024.jpg 768w, https:\/\/aqua-solution.fr\/wp-content\/uploads\/2022\/12\/crici-1-225x300.jpg 225w, https:\/\/aqua-solution.fr\/wp-content\/uploads\/2022\/12\/crici-1-1152x1536.jpg 1152w, https:\/\/aqua-solution.fr\/wp-content\/uploads\/2022\/12\/crici-1-1536x2048.jpg 1536w, https:\/\/aqua-solution.fr\/wp-content\/uploads\/2022\/12\/crici-1-scaled.jpg 1920w\" sizes=\"auto, (max-width: 768px) 100vw, 768px\" \/><\/figure>\n\n\n\n<figure class=\"wp-block-image size-large\"><img loading=\"lazy\" decoding=\"async\" width=\"1024\" height=\"768\" data-id=\"728\" src=\"https:\/\/aqua-solution.fr\/wp-content\/uploads\/2023\/01\/IMG_2767-1024x768.jpg\" alt=\"\" class=\"wp-image-728\" srcset=\"https:\/\/aqua-solution.fr\/wp-content\/uploads\/2023\/01\/IMG_2767-1024x768.jpg 1024w, https:\/\/aqua-solution.fr\/wp-content\/uploads\/2023\/01\/IMG_2767-300x225.jpg 300w, https:\/\/aqua-solution.fr\/wp-content\/uploads\/2023\/01\/IMG_2767-768x576.jpg 768w, https:\/\/aqua-solution.fr\/wp-content\/uploads\/2023\/01\/IMG_2767-1536x1152.jpg 1536w, https:\/\/aqua-solution.fr\/wp-content\/uploads\/2023\/01\/IMG_2767-2048x1536.jpg 2048w\" sizes=\"auto, (max-width: 1024px) 100vw, 1024px\" \/><\/figure>\n\n\n\n<figure class=\"wp-block-image size-large\"><img loading=\"lazy\" decoding=\"async\" width=\"1024\" height=\"768\" data-id=\"695\" src=\"https:\/\/aqua-solution.fr\/wp-content\/uploads\/2022\/12\/IMG_8211-1024x768.jpg\" alt=\"\" class=\"wp-image-695\" srcset=\"https:\/\/aqua-solution.fr\/wp-content\/uploads\/2022\/12\/IMG_8211-1024x768.jpg 1024w, https:\/\/aqua-solution.fr\/wp-content\/uploads\/2022\/12\/IMG_8211-300x225.jpg 300w, https:\/\/aqua-solution.fr\/wp-content\/uploads\/2022\/12\/IMG_8211-768x576.jpg 768w, https:\/\/aqua-solution.fr\/wp-content\/uploads\/2022\/12\/IMG_8211-1536x1152.jpg 1536w, https:\/\/aqua-solution.fr\/wp-content\/uploads\/2022\/12\/IMG_8211-2048x1536.jpg 2048w\" sizes=\"auto, (max-width: 1024px) 100vw, 1024px\" \/><\/figure>\n<\/figure>\n<\/div><\/div>\n\n\n\n<div style=\"height:140px\" aria-hidden=\"true\" class=\"wp-block-spacer\"><\/div>\n","protected":false},"excerpt":{"rendered":"<p>Installation, entretien et d\u00e9pannage d&rsquo;arrosage int\u00e9gr\u00e9 LES ARROSAGES INTEGRES ET \/ OU AUTOMATIQUES sont tr\u00e8s fr\u00e9quents dans les jardins d\u2019agr\u00e9ment, ils favorisent la croissance des plantes et harmonisent votre jardin. Beaucoup d\u2019arrosages fonctionnent avec l\u2019eau potable et ils sont souvent mal \u00e9tudi\u00e9s, mal r\u00e9gl\u00e9s et g\u00e9n\u00e8rent des factures d\u2019EAU tr\u00e8s importantes. Est-ce que je peux&hellip;&nbsp;<a href=\"https:\/\/aqua-solution.fr\/index.php\/home\/arrosage\/\" class=\"\" rel=\"bookmark\">Lire la suite &raquo;<span class=\"screen-reader-text\">Arrosage<\/span><\/a><\/p>\n","protected":false},"author":1,"featured_media":0,"parent":5,"menu_order":0,"comment_status":"closed","ping_status":"closed","template":"","meta":{"neve_meta_sidebar":"","neve_meta_container":"","neve_meta_enable_content_width":"","neve_meta_content_width":0,"neve_meta_title_alignment":"","neve_meta_author_avatar":"","neve_post_elements_order":"","neve_meta_disable_header":"","neve_meta_disable_footer":"","neve_meta_disable_title":"","footnotes":""},"class_list":["post-611","page","type-page","status-publish","hentry"],"_links":{"self":[{"href":"https:\/\/aqua-solution.fr\/index.php\/wp-json\/wp\/v2\/pages\/611","targetHints":{"allow":["GET"]}}],"collection":[{"href":"https:\/\/aqua-solution.fr\/index.php\/wp-json\/wp\/v2\/pages"}],"about":[{"href":"https:\/\/aqua-solution.fr\/index.php\/wp-json\/wp\/v2\/types\/page"}],"author":[{"embeddable":true,"href":"https:\/\/aqua-solution.fr\/index.php\/wp-json\/wp\/v2\/users\/1"}],"replies":[{"embeddable":true,"href":"https:\/\/aqua-solution.fr\/index.php\/wp-json\/wp\/v2\/comments?post=611"}],"version-history":[{"count":13,"href":"https:\/\/aqua-solution.fr\/index.php\/wp-json\/wp\/v2\/pages\/611\/revisions"}],"predecessor-version":[{"id":909,"href":"https:\/\/aqua-solution.fr\/index.php\/wp-json\/wp\/v2\/pages\/611\/revisions\/909"}],"up":[{"embeddable":true,"href":"https:\/\/aqua-solution.fr\/index.php\/wp-json\/wp\/v2\/pages\/5"}],"wp:attachment":[{"href":"https:\/\/aqua-solution.fr\/index.php\/wp-json\/wp\/v2\/media?parent=611"}],"curies":[{"name":"wp","href":"https:\/\/api.w.org\/{rel}","templated":true}]}}